{"id":148,"date":"2014-05-25T17:32:11","date_gmt":"2014-05-25T15:32:11","guid":{"rendered":"http:\/\/www.pepiniere-des-possibles.fr\/?page_id=148"},"modified":"2021-02-20T09:58:45","modified_gmt":"2021-02-20T08:58:45","slug":"le-bureau","status":"publish","type":"page","link":"http:\/\/www.pepiniere-des-possibles.fr\/?page_id=148","title":{"rendered":"Le bureau"},"content":{"rendered":"<p>Les membres \u00e9lus lors de du conseil d&rsquo;administration du 3 mars sont:<\/p>\n<ul>\n<li>Pr\u00e9sident:\u00a0Michel Lamarque<\/p>\n<\/li>\n<li>\n<p>Vice-pr\u00e9sident:\u00a0Marie Trachez<\/p>\n<\/li>\n<li>\n<p>Secr\u00e9taire: Fabienne P\u00e9pin<\/p>\n<\/li>\n<li>\n<p>Secr\u00e9taire adjoint:<\/p>\n<\/li>\n<li>\n<p>Tr\u00e9sorier:\u00a0Jocelyn Somon<\/p>\n<\/li>\n<li>\n<p>Tr\u00e9sori\u00e8re adjointe:<\/p>\n<\/li>\n<\/ul>\n<p>Si\u00e8ge: Mairie de Willies<br \/>\n59 740 Willies<\/p>\n","protected":false},"excerpt":{"rendered":"<p>Les membres \u00e9lus lors de du conseil d&rsquo;administration du 3 mars sont: Pr\u00e9sident:\u00a0Michel Lamarque Vice-pr\u00e9sident:\u00a0Marie Trachez Secr\u00e9taire: Fabienne P\u00e9pin Secr\u00e9taire adjoint: Tr\u00e9sorier:\u00a0Jocelyn Somon Tr\u00e9sori\u00e8re adjointe: Si\u00e8ge: Mairie de Willies 59 740 Willies<\/p>\n","protected":false},"author":1,"featured_media":0,"parent":11,"menu_order":1,"comment_status":"closed","ping_status":"closed","template":"","meta":{"jetpack_post_was_ever_published":false,"footnotes":""},"class_list":["post-148","page","type-page","status-publish","hentry"],"jetpack_sharing_enabled":true,"jetpack_shortlink":"https:\/\/wp.me\/P4XvJ4-2o","jetpack-related-posts":[{"id":52,"url":"http:\/\/www.pepiniere-des-possibles.fr\/?page_id=52","url_meta":{"origin":148,"position":0},"title":"Amap l\u00e9gumes,  le Jardin de P\u00e9pin","author":"pepiniere","date":"13\/05\/2014","format":false,"excerpt":"https:\/\/www.facebook.com\/mathieupepinmaraicher contrat l\u00e9gumes:\u00a0Contrat legume 2022 un panier correspond \u00e0 la consommation d'une famille de 4 personnes durant une semaine\u00a0\u00a0\u00e0 raison d'un repas par jour Chaque semaine de mai \u00e0 mars,\u00a0vous venez avec\u00a0votre cabas r\u00e9cup\u00e9rer\u00a0votre panier de l\u00e9gumes vari\u00e9s.45 paniers sont disponibles. Au del\u00e0 vous serez accueilli(e) sur liste d\u2019attente, et\u2026","rel":"","context":"Article similaire","block_context":{"text":"Article similaire","link":""},"img":{"alt_text":"","src":"","width":0,"height":0},"classes":[]},{"id":1527,"url":"http:\/\/www.pepiniere-des-possibles.fr\/?page_id=1527","url_meta":{"origin":148,"position":1},"title":"Amap de l&rsquo;Helpe \u00e0 la Solre","author":"pepiniere","date":"20\/02\/2021","format":false,"excerpt":"L'AMAP du pays de l'Helpe \u00e0 la Solre, qu'est-ce que c'est? Une association pour le Maintien de l'Activit\u00e9 Paysanne Un engagement entre l'Amapien et le producteur- L\u2019Amapien est acteur de sa consommation. Il aide au d\u00e9veloppement de l\u2019agriculture paysanne gr\u00e2ce \u00e0 son engagement \u00e0 l\u2019ann\u00e9e aupr\u00e8s d\u2019un producteur. Le mara\u00eecher\u2026","rel":"","context":"Article similaire","block_context":{"text":"Article similaire","link":""},"img":{"alt_text":"","src":"","width":0,"height":0},"classes":[]},{"id":517,"url":"http:\/\/www.pepiniere-des-possibles.fr\/?page_id=517","url_meta":{"origin":148,"position":2},"title":"Du Sel au Chuc","author":"pepiniere","date":"26\/12\/2015","format":false,"excerpt":"\u00a0 Naissance d\u2019un SEL, germination d\u2019une id\u00e9e\u2026 L\u2019id\u00e9e de mettre en place un SEL nous a conduit \u00e0 nous poser cette question\u00a0: \u00ab\u00a0Pourquoi un SEL\u00a0? Quelle diff\u00e9rence avec les \u00e9changes que nous pratiquons d\u00e9j\u00e0 avec nos voisins ou amis\u00a0?\u00a0\u00bb \u00c0 vrai dire pas grand-chose. Toutefois il permet \u00e0 chacun d\u2019\u00e9largir\u2026","rel":"","context":"Article similaire","block_context":{"text":"Article similaire","link":""},"img":{"alt_text":"","src":"","width":0,"height":0},"classes":[]},{"id":796,"url":"http:\/\/www.pepiniere-des-possibles.fr\/?page_id=796","url_meta":{"origin":148,"position":3},"title":"Amap Produits laitiers,  Ferme des Hirondelles","author":"pepiniere","date":"04\/03\/2018","format":false,"excerpt":"https:\/\/www.facebook.com\/FermeauxhirondellesDompierre Contrat:contrat produits laitiers 2022-23 \"La Ferme aux Hirondelles\" \u00a0est une exploitation paysanne biologique qui transforme du lait\u00a0en fromage au fil des saisons. Maxime et Irina Courtin vous propose une gamme de fromages au lait cru et affin\u00e9s en cave naturelle,identit\u00e9 du terroir avesnois.\u00a0La gamme s\u2019\u00e9tale du camembert \u00e0 la\u2026","rel":"","context":"Article similaire","block_context":{"text":"Article similaire","link":""},"img":{"alt_text":"","src":"","width":0,"height":0},"classes":[]},{"id":879,"url":"http:\/\/www.pepiniere-des-possibles.fr\/?page_id=879","url_meta":{"origin":148,"position":4},"title":"Diffusion et promotion","author":"pepiniere","date":"09\/05\/2018","format":false,"excerpt":"Vous trouverez ici du mat\u00e9riel de promotion pour votre association.D'autres documents\u00a0 viendront s'ajouter. AFFICHE g\u00e9n\u00e9rique mara\u00eechage.pub AFFICHE GENERIQUE PEPINIERE","rel":"","context":"Article similaire","block_context":{"text":"Article similaire","link":""},"img":{"alt_text":"","src":"","width":0,"height":0},"classes":[]},{"id":578,"url":"http:\/\/www.pepiniere-des-possibles.fr\/?page_id=578","url_meta":{"origin":148,"position":5},"title":"Le POPOMOCOPO du CHUC","author":"pepiniere","date":"04\/08\/2016","format":false,"excerpt":"\u00a0http:\/\/sel-avesnois.forumactif.org POPOMOCOPO juillet 2016\u00a0\u00a0 Libres Livres POPOMOCOPO ao\u00fbt 2016\u00a0 Les ateliers POPOMOCOPO f\u00e9vrier 2017 Couture et Rabiboches POPOMOCOPO\u00a0 avril 2017\u00a0 Rencontres \u00e0 venir POPOMOCOPO\u00a0 juillet 2017\u00a0 Les vacances","rel":"","context":"Article similaire","block_context":{"text":"Article similaire","link":""},"img":{"alt_text":"","src":"","width":0,"height":0},"classes":[]}],"jetpack_likes_enabled":true,"_links":{"self":[{"href":"http:\/\/www.pepiniere-des-possibles.fr\/index.php?rest_route=\/wp\/v2\/pages\/148","targetHints":{"allow":["GET"]}}],"collection":[{"href":"http:\/\/www.pepiniere-des-possibles.fr\/index.php?rest_route=\/wp\/v2\/pages"}],"about":[{"href":"http:\/\/www.pepiniere-des-possibles.fr\/index.php?rest_route=\/wp\/v2\/types\/page"}],"author":[{"embeddable":true,"href":"http:\/\/www.pepiniere-des-possibles.fr\/index.php?rest_route=\/wp\/v2\/users\/1"}],"replies":[{"embeddable":true,"href":"http:\/\/www.pepiniere-des-possibles.fr\/index.php?rest_route=%2Fwp%2Fv2%2Fcomments&post=148"}],"version-history":[{"count":10,"href":"http:\/\/www.pepiniere-des-possibles.fr\/index.php?rest_route=\/wp\/v2\/pages\/148\/revisions"}],"predecessor-version":[{"id":1521,"href":"http:\/\/www.pepiniere-des-possibles.fr\/index.php?rest_route=\/wp\/v2\/pages\/148\/revisions\/1521"}],"up":[{"embeddable":true,"href":"http:\/\/www.pepiniere-des-possibles.fr\/index.php?rest_route=\/wp\/v2\/pages\/11"}],"wp:attachment":[{"href":"http:\/\/www.pepiniere-des-possibles.fr\/index.php?rest_route=%2Fwp%2Fv2%2Fmedia&parent=148"}],"curies":[{"name":"wp","href":"https:\/\/api.w.org\/{rel}","templated":true}]}}

<p>Les membres élus lors de du conseil d&rsquo;administration du 3 mars sont:</p>
<ul>
<li>Président: Michel Lamarque</p>
</li>
<li>
<p>Vice-président: Marie Trachez</p>
</li>
<li>
<p>Secrétaire: Fabienne Pépin</p>
</li>
<li>
<p>Secrétaire adjoint:</p>
</li>
<li>
<p>Trésorier: Jocelyn Somon</p>
</li>
<li>
<p>Trésorière adjointe:</p>
</li>
</ul>
<p>Siège: Mairie de Willies<br />
59 740 Willies</p>

<p>Les membres élus lors de du conseil d&rsquo;administration du 3 mars sont: Président: Michel Lamarque Vice-président: Marie Trachez Secrétaire: Fabienne Pépin Secrétaire adjoint: Trésorier: Jocelyn Somon Trésorière adjointe: Siège: Mairie de Willies 59 740 Willies</p>

Amap légumes,  le Jardin de Pépin

https://www.facebook.com/mathieupepinmaraicher contrat légumes: Contrat legume 2022 un panier correspond à la consommation d'une famille de 4 personnes durant une semaine  à raison d'un repas par jour Chaque semaine de mai à mars, vous venez avec votre cabas récupérer votre panier de légumes variés.45 paniers sont disponibles. Au delà vous serez accueilli(e) sur liste d’attente, et…

Amap de l&rsquo;Helpe à la Solre

L'AMAP du pays de l'Helpe à la Solre, qu'est-ce que c'est? Une association pour le Maintien de l'Activité Paysanne Un engagement entre l'Amapien et le producteur- L’Amapien est acteur de sa consommation. Il aide au développement de l’agriculture paysanne grâce à son engagement à l’année auprès d’un producteur. Le maraîcher…

Naissance d’un SEL, germination d’une idée… L’idée de mettre en place un SEL nous a conduit à nous poser cette question : « Pourquoi un SEL ? Quelle différence avec les échanges que nous pratiquons déjà avec nos voisins ou amis ? » À vrai dire pas grand-chose. Toutefois il permet à chacun d’élargir…

https://www.facebook.com/FermeauxhirondellesDompierre Contrat:contrat produits laitiers 2022-23 "La Ferme aux Hirondelles"  est une exploitation paysanne biologique qui transforme du lait en fromage au fil des saisons. Maxime et Irina Courtin vous propose une gamme de fromages au lait cru et affinés en cave naturelle,identité du terroir avesnois. La gamme s’étale du camembert à la…

Vous trouverez ici du matériel de promotion pour votre association.D'autres documents  viendront s'ajouter. AFFICHE générique maraîchage.pub AFFICHE GENERIQUE PEPINIERE

http://sel-avesnois.forumactif.org POPOMOCOPO juillet 2016   Libres Livres POPOMOCOPO août 2016  Les ateliers POPOMOCOPO février 2017 Couture et Rabiboches POPOMOCOPO  avril 2017  Rencontres à venir POPOMOCOPO  juillet 2017  Les vacances
